 k/4.
19
Let t(z) = 12*z + 31. What is the remainder when 61 is divided by t(-2)?
5
Let z = -1268 - -1316. Calculate the remainder when 622 is divided by z.
46
Suppose 19*h - 22*h + 54 = 0. What is the remainder when 30 is divided by h?
12
Let q(c) = -c - 2. Suppose 2*k - 90 = 5*k. Let p = k + 42. What is the remainder when p is divided by q(-5)?
0
Suppose p = 25 + 18. Let h be (-105)/10*(-2 + 0). Suppose 0 = 6*d - 45 - h. What is the remainder when p is divided by d?
10
Let s = 792 + -790. What is the remainder when 56 is divided by s?
0
Suppose 0 = o - 3*x + 23, 8 = -4*o - 3*x - 9. Calculate the remainder when 23 is divided by (-11)/6*-3 - (-12)/o.
3
Let k = 54 + -57. Calculate the remainder when (8/(-3))/(2/(-6)) is divided by -1 + 2 + (-12)/k.
3
Let u(w) = -3*w**3 + 3*w**2 - 4*w + 6. Let v be u(3). Let k = v - -96. What is the remainder when k is divided by 20?
16
Suppose -36*a + 46*a = 150. Calculate the remainder when 29 is divided by a.
14
Let w(z) = z**3 + 4*z**2 - 4*z + 7. Let y be w(-5). Suppose 2*r + 4*l - 47 = r, y*r - 121 = l. What is the remainder when r is divided by 10?
9
Suppose 7 = -11*c - 114. What is the remainder when ((-77)/(-14))/c - 862/(-4) is divided by 27?
26
Suppose -5*c - 128 + 38 = 0. Calculate the remainder when 75 is divided by (-34)/(-2) - (c - -16).
18
Suppose -2*p - 5*p = -105. Suppose -p*m + 30 = -13*m. What is the remainder when 88 is divided by m?
13
What is the remainder when 637 is divided by (-76)/(102/22 - 5)?
10
Suppose -5*h - 5 = 15. Let l(u) = u**2 - 14. Let s be l(-4). Calculate the remainder when 25 is divided by 26/h*s*-1.
12
Suppose -10*p = -371 + 51. Calculate the remainder when 191 is divided by p.
31
Calculate the remainder when (-4 + -4)/((-19)/418) is divided by 99.
77
What is the remainder when 428 is divided by (2 + -1 + 1)*215/10?
41
Suppose 19 = -5*d + 6*d. Let o(y) = 2*y**2 + y - 1. Let h be o(3). Suppose -4*t + 20 = -h. Calculate the remainder when d is divided by t.
9
Let j = 128 + -115. What is the remainder when 49 is divided by j?
10
Suppose u - 1316 = -2*u - v, 0 = -u - 5*v + 420. Suppose 3*r = -2*r + u. What is the remainder when r is divided by 45?
43
Suppose 23*z - 11457 - 6161 = 0. What is the remainder when z is divided by 6?
4
Let i = -62 + 84. Let a(v) = -2*v**3 - 4*v**2 + v + 6. What is the remainder when i is divided by a(-2)?
2
Suppose 4*p - 666 + 90 = 0. Suppose -2*v + 3*v = p. Calculate the remainder when v is divided by 29.
28
Let n(x) = x**3 - 12*x**2 + 41*x - 7. Calculate the remainder when 90 is divided by n(5).
21
Suppose -4*u - 35 = -5*g, 5*g = 4*g + 2*u + 13. Suppose 0 = g*o - 57 + 12. Calculate the remainder when o is divided by 4/14 - 305/(-35).
6
Let p(r) = 3*r - 15. Calculate the remainder when ((-1)/3)/(39/117) - -47 is divided by p(13).
22
Let m(l) = l**2 + 18*l - 17. Let j(u) = -u**2 - 9*u + 8. Let p(k) = -5*j(k) - 3*m(k). Let q = 40 + -23. Calculate the remainder when p(6) is divided by q.
12
Let b = -97 - -129. What is the remainder when 93 is divided by b?
29
Let u(s) = 2*s**3 - 10*s**2 - 4*s - 19. What is the remainder when 90 is divided by u(6)?
3
Let j(m) = -4*m + 50. Calculate the remainder when 157 is divided by j(2).
31
Let v = -49 + 55. Suppose 48 = 2*c - v. What is the remainder when c is divided by 11?
5
Let r be ((-28)/20)/((-1)/5). Suppose 4*d - r*d = -165. Calculate the remainder when d is divided by 19.
17
Let c(q) = 11*q**2 + 47*q + 27. Let s(x) = -6*x**2 - 23*x - 13. Let t(d) = 4*c(d) + 7*s(d). Calculate the remainder when 17 is divided by t(-13).
1
Let p = -301 - -312. Suppose 2*f = -2*f + 164. What is the remainder when f is divided by p?
8
Let h(r) = 2*r + 2. Let s(g) = -6*g - 5. Let o(y) = -8*h(y) - 3*s(y). What is the remainder when o(10) is divided by 10?
9
Let h be (-4)/(-10) - (-18)/5. Suppose 3*d - 6*d + 186 = 3*b, 0 = -h*b - 3*d + 247. Let y = 1310 + -1289. Calculate the remainder when b is divided by y.
19
Suppose -3 = y - 0. Let c(z) be the first derivative of -z**4/2 - z**3 - z**2/2 - 6. What is the remainder when c(y) is divided by 11?
8
Let z(g) = -g**2 - 15*g + 5. Let j be z(-15). Suppose 2*t - w - 8 = 3*w, -w = j*t + 13. Calculate the remainder when 94 is divided by 2 + t + 2*12.
22
Let h = 65 + -63. Calculate the remainder when 128 is divided by ((-4)/3)/(h/(-39)).
24
Let c = -13 - -18. Suppose -2*n - 115 = 5*l - 7*n, -c*l + n = 111. What is the remainder when 29 is divided by (-356)/l - (-18)/(-99)?
13
Suppose -2 = 2*q - q, 3*q = 5*d - 46. What is the remainder when 294 is divided by d?
6
Let t = 52 + -39. Let v(h) = 39*h**2 - h. Let z be v(-1). Suppose -8*b = -3*b - z. What is the remainder when t is divided by b?
5
Suppose 238 = 24*w - 7*w. Suppose -4*t = 5*q - 41, -13 - 3 = t - 4*q. Calculate the remainder when w is divided by t.
2
Let z = 424 - 386. Calculate the remainder when 128 is divided by z.
14
Suppose 0 = c + 4*m - 22 - 236, 3*c + 4*m = 782. What is the remainder when c is divided by 69?
55
Let o = -21 - -9. What is the remainder when (-1165)/(-30) + (-2)/o is divided by 20?
19
Let l be 1*-7*1/(42/(-12)). Suppose 2*p + 5*a - 454 = -l*p, 5*a + 590 = 5*p. Calculate the remainder when p is divided by 30.
26
Let a be ((-2)/(-6) - 20/(-3)) + -2. Suppose -4*u - 5*w - 8 = 0, -2*u + 5*u - 29 = a*w. Calculate the remainder when 14 is divided by u.
2
Calculate the remainder when 23 is divided by 45/25*(2 - -3).
5
Let n = -24 - -90. Let g = n - 31. Suppose -2*k - 3*a + 33 = -0*a, 38 = 2*k - 2*a. What is the remainder when g is divided by k?
17
Let m(j) = j**3 + 27*j**2 - 29*j - 24. Let w be m(-28). Suppose w*k - 45 = k. Calculate the remainder when 51 is divided by k.
6
Suppose 7 + 9 = 4*m. Suppose 11*a = m*a + 609. What is the remainder when a is divided by 15?
12
Let y(f) = -f**3 - 4*f**2 - f - 1. Let q be y(-3). Let i = q + 14. What is the remainder when i is divided by 4?
3
Suppose 6*r = 3*v + 11*r - 866, -5*r = -4*v + 1178. Calculate the remainder when v is divided by 49.
47
Let l be 2 + (2 + 5)*-3. Let a = l - -17. What is the remainder when 63 is divided by 0/a - (-13 + -3)?
15
Suppose 2*n + 2*n - 4 = 0, 3*q - 5*n = 106. Suppose 4*w - 2*w = 26. What is the remainder when q is divided by w?
11
Let z(v) = 6*v - 3. Let m be z(1). Suppose m*a = 5*a - 126. What is the remainder when a is divided by 17?
12
What is the remainder when 1 + -1 + (-4)/2 + 97 is divided by 29?
8
Let o = 19 + -17. Suppose -4*i - 5*d = 38, 4*d = -o*i - 14 - 2. Let c = -2 - i. What is the remainder when 57 is divided by c?
7
Suppose -837 = -6*r + 5295. What is the remainder when r is divided by 93?
92
Let x be (16/6)/2 - 30/(-45). Suppose 5*r = -a + 295, x*r - r + 2*a = 68. What is the remainder when r is divided by 15?
13
Calculate the remainder when 302 is divided by (0 - -2)*31*1.
54
Suppose 5*z - 185 = 3*t, 5*z - 3*z + 4*t = 48. Suppose 0 = p - q - 7, -1 + z = 5*p - 4*q. Suppose p = -5*w + 75. What is the remainder when 26 is divided by w?
12
Suppose -170 = -3*t + 181. Let x = t - 61. What is the remainder when x is divided by 15?
11
Let l(q) = -q**3 - 5*q**2 + 4*q - 7. Suppose 30*x = 15*x + 435. What is the remainder when x is divided by l(-6)?
4
Let o(v) = 2*v + 2. Suppose -10*d + 12*d + 12 = 0. Let j be o(d). Let q = j + 14. Calculate the remainder when 18 is divided by q.
2
Let k = -252 - -296. Calculate the remainder when k is divided by 15.
14
Suppose -4*f = -5*w - 218 + 55, -2*f - w + 85 = 0. Calculate the remainder when 78 is divided by f.
36
Suppose 5*m = 6 + 59. What is the remainder when 21 is divided by m?
8
Suppose -u = 3*u - 16. Let t be 15/10*2 + 4. Let h(g) = -g**3 + 7*g**2 - 2*g + 23. What is the remainder when h(t) is divided by u?
1
Let v(g) = g**2 - 2*g - 5. Suppose -6*s + 2*s - 1 = -3*i, 4*i + 32 = -3*s. What is the remainder when 118 is divided by v(i)?
28
Suppose -i + 3*i = 2, -5*x - 3*i + 218 = 0. What is the remainder when x is divided by 16?
11
Suppose 2*z + 3*a - 7*a - 268 = 0, -3*z + 387 = -a. What is the remainder when z is divided by 13?
11
Let s = 8 + -8. Let h = s - -9. Suppose 0 = 3*p - 0 - 15. Calculate the remainder when h is divided by p.
4
Let x(z) = 97*z**2 + 8*z - 40. What is the remainder when x(3) is divided by 21?
17
Suppose 4*m - 64 = 3*m. Suppose 3*r - 4*z - 129 = -42, 4*r + 2*z = 138. Cal